hat is the remainder when 738 is divided by 25?
13
What is the remainder when 838 is divided by 122?
106
What is the remainder when 59 is divided by 31?
28
Calculate the remainder when 242 is divided by 31.
25
Calculate the remainder when 351 is divided by 59.
56
Calculate the remainder when 7388 is divided by 13.
4
Calculate the remainder when 387 is divided by 132.
123
What is the remainder when 290 is divided by 3?
2
What is the remainder when 256 is divided by 251?
5
Calculate the remainder when 1887 is divided by 30.
27
What is the remainder when 271 is divided by 70?
61
Calculate the remainder when 71 is divided by 16.
7
Calculate the remainder when 1049 is divided by 195.
74
What is the remainder when 12595 is divided by 268?
267
What is the remainder when 5980 is divided by 6?
4
Calculate the remainder when 133 is divided by 18.
7
What is the remainder when 87 is divided by 26?
9
Calculate the remainder when 152 is divided by 72.
8
What is the remainder when 179 is divided by 23?
18
What is the remainder when 921 is divided by 148?
33
Calculate the remainder when 2186 is divided by 8.
2
What is the remainder when 236 is divided by 15?
11
Calculate the remainder when 393 is divided by 7.
1
Calculate the remainder when 108 is divided by 11.
9
Calculate the remainder when 5669 is divided by 126.
125
What is the remainder when 623 is divided by 610?
13
What is the remainder when 2143 is divided by 55?
53
Calculate the remainder when 62 is divided by 21.
20
Calculate the remainder when 374 is divided by 47.
45
Calculate the remainder when 1339 is divided by 17.
13
What is the remainder when 11982 is divided by 56?
54
Calculate the remainder when 292 is divided by 42.
40
What is the remainder when 886 is divided by 223?
217
What is the remainder when 41 is divided by 17?
7
Calculate the remainder when 366 is divided by 92.
90
What is the remainder when 104 is divided by 51?
2
Calculate the remainder when 99 is divided by 85.
14
What is the remainder when 312 is divided by 155?
2
Calculate the remainder when 3372 is divided by 135.
132
What is the remainder when 70 is divided by 25?
20
Calculate the remainder when 4341 is divided by 8.
5
What is the remainder when 4310 is divided by 19?
16
What is the remainder when 138 is divided by 29?
22
Calculate the remainder when 1952 is divided by 1949.
3
Calculate the remainder when 425 is divided by 71.
70
What is the remainder when 1902 is divided by 119?
117
Calculate the remainder when 918 is divided by 231.
225
What is the remainder when 83 is divided by 56?
27
What is the remainder when 13003 is divided by 51?
49
What is the remainder when 3239 is divided by 15?
14
What is the remainder when 344 is divided by 182?
162
Calculate the remainder when 842 is divided by 281.
280
What is the remainder when 12 is divided by 9?
3
Calculate the remainder when 449 is divided by 230.
219
Calculate the remainder when 301 is divided by 38.
35
What is the remainder when 41 is divided by 22?
19
What is the remainder when 97 is divided by 33?
31
Calculate the remainder when 8471 is divided by 12.
11
Calculate the remainder when 424 is divided by 72.
64
Calculate the remainder when 16694 is divided by 45.
44
Calculate the remainder when 85 is divided by 26.
7
What is the remainder when 52 is divided by 40?
12
What is the remainder when 251 is divided by 17?
13
What is the remainder when 659 is divided by 11?
10
Calculate the remainder when 1822 is divided by 114.
112
Calculate the remainder when 1597 is divided by 794.
9
Calculate the remainder when 37 is divided by 30.
7
Calculate the remainder when 2129 is divided by 6.
5
What is the remainder when 4265 is divided by 852?
5
Calculate the remainder when 1316 is divided by 49.
42
What is the remainder when 701 is divided by 119?
106
What is the remainder when 46 is divided by 5?
1
What is the remainder when 1591 is divided by 57?
52
What is the remainder when 150 is divided by 38?
36
Calculate the remainder when 1203 is divided by 28.
27
Calculate the remainder when 1211 is divided by 15.
11
What is the remainder when 647 is divided by 42?
17
Calculate the remainder when 6114 is divided by 211.
206
Calculate the remainder when 887 is divided by 37.
36
What is the remainder when 1784 is divided by 2?
0
What is the remainder when 352 is divided by 321?
31
Calculate the remainder when 157 is divided by 4.
1
Calculate the remainder when 355 is divided by 103.
46
Calculate the remainder when 27120 is divided by 155.
150
Calculate the remainder when 1130 is divided by 559.
12
What is the remainder when 722 is divided by 65?
7
Calculate the remainder when 1331 is divided by 138.
89
What is the remainder when 72 is divided by 19?
15
Calculate the remainder when 2448 is divided by 599.
52
What is the remainder when 32 is divided by 13?
6
What is the remainder when 139 is divided by 90?
49
Calculate the remainder when 175 is divided by 45.
40
What is the remainder when 1016 is divided by 20?
16
What is the remainder when 5614 is divided by 16?
14
Calculate the remainder when 322 is divided by 54.
52
What is the remainder when 148 is divided by 124?
24
Calculate the remainder when 179 is divided by 26.
23
Calculate the remainder when 412 is divided by 54.
34
Calculate the remainder when 239 is divided by 34.
1
What is the remainder when 193 is divided by 56?
25
What is the remainder when 133 is divided by 33?
1
Calculate the remainder when 493 is divided by 476.
17
What is the remainder when 3414 is divided by 122?
120
What is the remainder when 105 is divided by 22?
17
What is the remainder when 6544 is divided by 18?
10
What is the remainder when 355 is divided by 125?
105
Calculate the remainder when 1508 is divided by 72.
68
What is the remainder when 40 is divided by 12?
4
What is the remainder when 7138 is divided by 2376?
10
What is the remainder when 512 is divided by 178?
156
What is the remainder when 70 is divided by 17?
2
What is the remainder when 1459 is divided by 48?
19
What is the remainder when 195 is divided by 50?
45
Calculate the remainder when 2007 is divided by 423.
315
What is the remainder when 16711 is divided by 42?
37
What is the remainder when 578 is divided by 87?
56
Calculate the remainder when 103 is divided by 38.
27
What is the remainder when 621 is divided by 11?
5
What is the remainder when 243 is divided by 104?
35
Calculate the remainder when 385 is divided by 120.
25
What is the remainder when 862 is divided by 406?
50
Calculate the remainder when 65 is divided by 14.
9
Calculate the remainder when 24897 is divided by 300.
297
Calculate the remainder when 215 is divided by 66.
17
What is the remainder when 89 is divided by 15?
14
Calculate the remainder when 501 is divided by 14.
11
Calculate the remainder when 368 is divided by 113.
29
What is the remainder when 24 is divided by 19?
5
What is the remainder when 41 is divided by 37?
4
What is the remainder when 67 is divided by 3?
1
Calculate the remainder when 723 is divided by 29.
27
What is the remainder when 1264 is divided by 27?
22
Calculate the remainder when 200 is divided by 51.
47
Calculate the remainder when 569 is divided by 163.
80
What is the remainder when 87 is divided by 63?
24
Calculate the remainder when 573 is divided by 14.
13
What is the remainder when 151 is divided by 17?
15
Calculate the remainder when 358 is divided by 94.
76
What is the remainder when 3836 is divided by 3?
2
Calculate the remainder when 114 is divided by 58.
56
Calculate the remainder when 1097 is divided by 4.
1
Calculate the remainder when 206 is divided by 13.
11
Calculate the remainder when 323 is divided by 82.
77
Calculate the remainder when 25651 is divided by 11.
10
What is the remainder when 69 is divided by 33?
3
What is the remainder when 55 is divided by 15?
10
What is the remainder when 779 is divided by 131?
124
Calculate the remainder when 112 is divided by 5.
2
Calculate the remainder when 638 is divided by 64.
62
Calculate the remainder when 498 is divided by 283.
215
What is the remainder when 3491 is divided by 106?
99
What is the remainder when 55 is divided by 8?
7
What is the remainder when 191 is divided by 48?
47
Calculate the remainder when 193 is divided by 50.
